32. What is c(228)?
40
Let t(u) = -u**2 - 176*u - 2684. Calculate t(-18).
160
Let b(k) = 4*k**3 + 34*k**2 - 77*k - 312. Determine b(-10).
-142
Let w(q) = 3*q**2 - 268*q + 5830. What is w(54)?
106
Let z(g) = g**3 - 54*g**2 + 753*g - 635. Determine z(27).
13
Let t(w) = -27699*w + 83008. What is t(3)?
-89
Let d(x) = 161*x**2 + 114161*x + 8501. What is d(-709)?
-7
Let m(x) = 2*x**3 - 31*x**2 - 100*x + 7. Give m(-3).
-26
Let q(n) = -61*n + 14496. What is q(195)?
2601
Let y(r) = -2747*r**2 + 6*r - 1698. Calculate y(0).
-1698
Let f(p) = -3*p**3 - 274*p**2 + 795*p + 80637. Determine f(-91).
11
Let j(k) = -185*k**3 + 3*k**2 + 628*k - 5. What is j(0)?
-5
Let b(f) = f**3 - 24*f**2 - 19*f + 1985. Give b(20).
5
Let c(n) = -3*n**3 + 29*n**2 - 21*n + 106. Determine c(9).
79
Let o(x) = 866355*x + 3465423. Give o(-4).
3
Let m(p) = -85*p**2 - 18313*p - 36630. Calculate m(-2).
-344
Let p(v) = -v**3 - 33*v**2 - 120*v + 328. What is p(-8)?
-312
Let d(q) = q**3 + 39*q**2 - 171*q - 1109. Determine d(-42).
781
Let k(n) = 2*n**3 + 1133*n**2 - 1312*n + 222678. Calculate k(-568).
22
Let d(t) = -2175*t**2 - 4352*t - 14. Determine d(-2).
-10
Let i(a) = -3*a**3 + 40*a**2 + 322*a + 146. Determine i(-8).
1666
Let n(c) = -5*c**2 + 484*c - 717. Calculate n(95).
138
Let j(o) = -2489*o + 741722. What is j(298)?
0
Let p(c) = -1003*c**2 + 12058*c - 150. What is p(12)?
114
Let n(q) = 20*q**2 - 1415*q + 2447. Determine n(69).
32
Let u(f) = -f**2 - 311*f - 16946. Calculate u(-205).
4784
Let t(g) = 40*g**3 - 4*g**2 - 7*g + 3. Calculate t(1).
32
Let u(q) = q**3 - 11*q**2 + 97*q - 899. Calculate u(10).
-29
Let b(l) = -l**3 + 564*l**2 + 2296*l - 13638. Determine b(568).
-6
Let h(n) = 15*n**2 - 165*n - 4115. Give h(-12).
25
Let m(d) = -1370*d - 15372. Determine m(-11).
-302
Let l(f) = -11*f**3 + 108*f**2 - 269*f + 116. Determine l(6).
14
Let d(m) = 799*m**2 + 526*m - 250. Calculate d(-1).
23
Let h(g) = -g**2 - 2077*g + 362686. Calculate h(162).
-32
Let w(n) = 4594*n - 1782454. Calculate w(388).
18
Let l(v) = -6626*v - 1331853. Give l(-201).
-27
Let z(x) = -27*x**3 - 1030*x**2 - 153*x - 41. What is z(-38)?
-3
Let b(s) = 4108939*s - 12326826. What is b(3)?
-9
Let q(f) = f**3 + 7*f**2 - 773*f + 6821. What is q(9)?
1160
Let a(o) = 622*o**2 + 6360*o - 12715. What is a(2)?
2493
Let b(h) = -h**3 - 149*h**2 + 1423*h - 24. What is b(-158)?
-182
Let i(l) = 46*l**2 + 11218*l - 407. Determine i(-244).
1057
Let g(i) = -2641*i + 4373. Determine g(2).
-909
Let x(a) = 1009*a + 27288. Give x(-27).
45
Let p(y) = -68*y**3 - 17*y**2 - 225*y - 6. Determine p(0).
-6
Let f(b) = -3*b**2 - 7343*b + 36659. Calculate f(5).
-131
Let l(p) = 1381*p**2 + 8291*p + 82. Calculate l(-6).
52
Let n(k) = 4*k**3 - 754*k**2 + 378*k - 390. Determine n(188).
-14
Let c(y) = -317*y**2 - 2637*y + 85. What is c(-8)?
893
Let v(r) = -1548*r + 407118. What is v(263)?
-6
Let h(w) = w**3 + 24*w**2 - 82*w - 170. Give h(-26).
610
Let f(s) = -s**2 + 538*s - 67620. What is f(200)?
-20
Let a(w) = -1071215*w + 9640944. What is a(9)?
9
Let b(j) = -8*j**3 + 11*j**2 - 3*j - 64. Determine b(6).
-1414
Let p(v) = -v**2 + 48*v - 946. Give p(15).
-451
Let q(t) = -2612*t + 446646. Calculate q(171).
-6
Let x(u) = -1285*u - 6013. What is x(-4)?
-873
Let u(z) = z**2 + 36*z + 179. Give u(-26).
-81
Let g(l) = -1546*l - 63389. Calculate g(-41).
-3
Let z(m) = m**2 - 18599*m + 334479. Calculate z(18).
21
Let d(r) = 2581*r + 134410. What is d(-52)?
198
Let q(r) = -r**3 + 54*r**2 - 501*r + 12545. Give q(49).
1
Let j(i) = 6*i**2 - 20443*i + 40888. What is j(2)?
26
Let j(y) = 25*y**2 + 3913*y + 2387. Determine j(-156).
359
Let k(y) = -2*y**2 - 109810*y + 3. What is k(0)?
3
Let h(y) = 2*y**3 - 180*y**2 - 252*y + 805. Calculate h(91).
-5565
Let m(l) = -l**2 + 13*l + 572. Give m(-16).
108
Let x(k) = 2*k**2 + 57*k - 4727. Give x(47).
2370
Let q(n) = -n**3 + 453*n**2 - 22067*n - 199977. Give q(396).
3
Let k(i) = i**2 + 202*i + 5428. Give k(-32).
-12
Let v(r) = -r**2 - 652*r - 9931. What is v(-15)?
-376
Let u(m) = -12*m**2 - 146*m + 137. What is u(-13)?
7
Let m(p) = 1212*p**3 - 3*p**2 - 1504*p + 1507. Give m(1).
1212
Let c(i) = 13*i**3 + 1104*i**2 - 89*i + 31. Determine c(-85).
371
Let w(l) = -768*l + 148390. Determine w(193).
166
Let u(p) = 2*p**3 + 18*p**2 + 5087*p + 45637. Calculate u(-9).
-146
Let j(s) = -4*s**2 - 528*s - 3369. Determine j(-125).
131
Let l(u) = 281*u + 457. What is l(7)?
2424
Let j(u) = 53*u**2 - 22755*u - 15043. Determine j(430).
7
Let l(w) = -w**2 - 219*w - 10542. Calculate l(-71).
-34
Let i(a) = 5*a**3 + 20*a**2 - 17*a - 105. What is i(-5)?
-145
Let f(i) = 1785416*i - 3570817. What is f(2)?
15
Let j(w) = w**3 - 481*w**2 + 20011*w - 696. Calculate j(435).
-261
Let c(d) = 8*d**2 + 116*d - 240. Calculate c(-13).
-396
Let d(i) = 99*i**2 + 184*i + 68. Give d(-3).
407
Let v(r) = r**2 + 313*r + 12527. Determine v(-266).
25
Let d(y) = -17*y**3 + 5765*y**2 - 657*y - 7104. What is d(339)?
15
Let r(m) = 2*m**3 - 4*m**2 - 1180*m - 4683. Calculate r(-4).
-155
Let n(w) = w**3 + 6*w**2 + 5981*w + 35942. Calculate n(-6).
56
Let h(j) = 4382*j - 47860. Give h(11).
342
Let k(u) = -6566*u + 20012. Determine k(3).
314
Let c(y) = y**3 + 100*y**2 + 2496*y - 219. Calculate c(-50).
-19
Let f(n) = -n**3 - 37*n**2 + 1381*n + 81. Give f(-60).
21
Let n(t) = 237257*t - 711751. Give n(3).
20
Let k(d) = -412*d + 130414. Calculate k(314).
1046
Let o(q) = -909*q - 153061. Give o(-168).
-349
Let m(k) = 765615*k - 65842877. What is m(86)?
13
Let v(d) = d**2 + 632*d + 60263. What is v(-117)?
8
Let z(p) = -4*p**2 + 12204*p - 263. Determine z(0).
-263
Let w(g) = g**2 + 24*g - 488. Give w(-24).
-488
Let f(x) = 387*x**2 - 85*x - 30. What is f(-1)?
442
Let w(q) = 4*q**2 + 1470*q + 34988. Give w(-24).
2012
Let o(m) = -29*m - 4302. Determine o(-88).
-1750
Let f(h) = -12*h**2 + 1569*h + 429. Calculate f(131).
36
Let t(s) = s**3 - 92*s**2 - 16375*s + 448. What is t(-90)?
-2
Let r(m) = 159*m + 3961. What is r(-21)?
622
Let i(w) = -4545*w - 45457. Give i(-10).
-7
Let m(w) = 151*w**2 + 2726*w - 15. What is m(-18)?
-159
Let o(b) = -2007*b**2 + 4226739*b + 6314. Determine o(2106).
-4
Let o(x) = x**3 - 43*x**2 + 417*x + 659. Determine o(26).
9
Let d(m) = 220*m + 29402. Calculate d(-133).
142
Let z(q) = -q**2 - 146*q - 1384. What is z(-141)?
-679
Let n(w) = -1404*w - 380614. Give n(-271).
-130
Let d(u) = -u**3 + 222*u**2 + 139*u + 18826. Determine d(223).
94
Let h(c) = c**3 + 19*c**2 - 263*c + 109. Give h(9).
10
Let a(b) = -11010*b - 3501187. What is a(-318)?
-7
Let h(w) = -4*w**2 + 680*w - 3360. What is h(5)?
-60
Let s(f) = 21853*f - 109183. Give s(5).
82
Let y(u) = -8*u**2 + 511*u + 29838. What is y(-37)?
-21
Let b(o) = o**3 - 12*o**2 + 62*o - 913. Give b(13).
62
Let l(h) = -h**2 - 122*h - 4227. What is l(-51)?
-606
Let l(b) = 12*b**2 + 221*b + 1271. What is l(-6)?
377
Let w(n) = -2*n**3 + 22*n**2 + 417*n + 883. Give w(-8).
-21
Let s(p) = -47*p**2 + 502*p + 3568. What is s(-7)?
-2249
Let o(u) = -335*u**2 - 3834*u + 2231. Calculate o(-12).
-1
Let b(v) = 296*v - 63. Calculate b(1).
233
Let f(g) = -2361*g + 285687. Calculate f(121).
6
Let k(u) = -5*u**2 - 1160*u - 53758. Give k(-168).
2
Let v(b) = 743*b**2 + 5223*b + 53. Calculate v(-7).
-101
Let b(c) = -c**3 + 252*c**2 - 410*c - 22839. What is b(250)?
-339
Let w(s) = 2*s**3 + 66*s**2 + 56*s - 2052. Give w(-31).
56
Let b(l) = -94946*l + 379947. Determine b(4).
163
Let l(u) = -14357*u - 14745. What is l(-1)?
-388
Let w(h) = -224748*h - 5843446. Determine w(-26).
2
Let x(z) = 3947*z - 686695. Give x(174).
83
Let u(z) = -z**3 - 438*z**2 - 11856*z + 150. Calculate u(-29).
5
Let u(q) = 332*q - 3360. Calculate u(11).
292
Let a(o) = -o**3 + 51*o**2 + 224*o + 3119. Calculate a(56).
-17
Let b(m) = 29388*m + 352667. Give b(-12).
11
Let m(d) = -2*d**3 - 29*d**2 + 192*d - 40. Calculate m(-15).
-2695
Let w(g) = -3*g**2 + 532043*g - 6384088. Determine w(12).
-4
Let v(f) = 8347*f + 100184. Give v(-12).
20
Let n(s) = 2*s**3 - 684*s**2 - 696*s + 3447. What is n(343)?
17
Let k(a) = 3825*a - 22835. Give k(6).
115
Let v(g) = 155*g**2 - 93*g - 277. What is v(-4)?
2575
Let j(t) = -11507*t + 444. Give j(0).
444
Let t(d) = 2*d**2 - 169*d + 1496. Calculate t(85).
1581
Let c(o) = -4*o**3 - 19*o**2 - 48*o - 37. What is c(-2)?
15
Let t(m) = m**2 + 138*m + 1112. Give t(-128